) + (-12)/5. Let t(a) = a**3 + 5*a**2 + 2*a - 1. Calculate the remainder when t(k) is divided by 1/3 - (-44)/12.
3
Suppose a = -3*x + 36, -3*x - 44 = -a - 2*x. Calculate the remainder when a is divided by 10/15 + 64/3.
20
Let f(u) = 9*u**3 - 23*u**2 + 9*u + 22. Let o(v) = 5*v**3 - 12*v**2 + 5*v + 11. Let i(q) = 4*f(q) - 7*o(q). Calculate the remainder when i(8) is divided by 5.
4
Let r(o) = o**3 + 9*o**2 - 10*o + 3. Let u be r(-10). What is the remainder when 30 is divided by ((-2)/6)/(u/(-99))?
8
Let h = 7 + -7. Suppose h = -3*i + i + 14. Calculate the remainder when 26 is divided by i.
5
Let d(f) = 2*f + 17. Calculate the remainder when 53 is divided by d(-5).
4
Let q(b) = -9*b. Let f = 4 - 5. What is the remainder when (-98)/(-6) - 3/9 is divided by q(f)?
7
Suppose 2*p - 55 = 5*m, -3*p - 3*m + 93 = -0*p. Calculate the remainder when -3 + 6/9*p is divided by 5.
2
Let j(x) = x + 1 - 3 - 4 + 1. Let b(q) = -q - 1. What is the remainder when b(-4) is divided by j(7)?
1
Let c(t) = t**2 - t + 24. Let f be c(0). Suppose -r = 2*r - f. What is the remainder when 30 is divided by r?
6
Suppose -2*d - 4*t + t = -19, 0 = 2*d + t - 9. Suppose 5*n - a - 50 = -6*a, -d*n + a = -11. Calculate the remainder when 33 is divided by n.
5
Suppose 15 = 3*x - 12. Let f(r) = r**2 + r + 1. Let j be f(-5). Suppose -j = -2*q + 5*g + 8, -2 = -2*g. What is the remainder when q is divided by x?
8
What is the remainder when (4 - -31) + (8 - 4 - 0) is divided by (4/(-5))/((-4)/70)?
11
Let t = 26 - 16. Calculate the remainder when t is divided by 8.
2
Let r(o) = -3*o**2 - 2*o + 1. Let y be r(-2). Let z = -3 - y. Calculate the remainder when z is divided by (-2 + 4)/6*9.
1
Suppose -18 = -5*p + 87. Calculate the remainder when p is divided by 11.
10
Let l(r) = -r**3 + 5*r**2 + 2*r - 5. Let o be l(4). Let i = o - 16. Calculate the remainder when 9 is divided by i.
0
Suppose k - 1 = 2, 3*k + 51 = 2*i. What is the remainder when i is divided by 9?
3
Let f be 8/4 + (0 - -27). Suppose -5*r + 2*g = -66, 5*r = -g + 43 + f. Let h(n) = -n**3 - 3*n**2 + 4*n + 5. Calculate the remainder when r is divided by h(-4).
4
Let k(u) = -u - 24. What is the remainder when 10 is divided by k(-26)?
0
Suppose -5*a + 4*a = -40. What is the remainder when 77 is divided by a?
37
Let f(u) = -4*u - 5. Calculate the remainder when f(-4) is divided by 6.
5
Let m(d) = -d**2 + 27*d - 14. Calculate the remainder when m(18) is divided by 38.
34
Suppose -50 = -q - 3*y, q - 2*y + y - 58 = 0. Let j = 30 - 11. What is the remainder when q is divided by j?
18
Let t = 27 + -14. Calculate the remainder when 22 is divided by t.
9
Let z = -415 + 581. What is the remainder when z is divided by 42?
40
Suppose -4*w = 27 - 107. What is the remainder when 30 is divided by w?
10
Let m = 7 - -7. Suppose -216 = 3*r - 11*r. Calculate the remainder when r is divided by m.
13
Let p(n) = 3*n**3 - 2*n**2 - 4*n - 4. Calculate the remainder when 187 is divided by p(3).
46
Suppose -230 = -5*k - 3*v, -2*k = -k - 3*v - 46. What is the remainder when k is divided by 12?
10
Let p(n) = -n + 26. Calculate the remainder when 129 is divided by p(7).
15
Let i(t) = t**3 - t**2 + t + 31. Let v = -25 - -73. Suppose 4*h = -4*d + v, -8*d + 3*d - h = -76. Calculate the remainder when i(0) is divided by d.
15
Let r = -9 + 39. What is the remainder when r is divided by 18?
12
Let n(l) = -l**2 + 10*l - 9. Let f be n(9). Let g(q) = 2*q + 8. Calculate the remainder when (-188)/8*(-2 - f) is divided by g(4).
15
Let u(v) = 6 + 2*v - 4 - v**2 + 4*v**2. What is the remainder when (-2)/(-5) + 1716/60 is divided by u(-2)?
9
Let i(t) = 2 + 2 - 5 + 17*t + 16*t. What is the remainder when i(1) is divided by 17?
15
Suppose 3*o - 5*h + 136 = 0, 2*o - 2*h = -2*o - 200. Let n = o - -77. What is the remainder when 48 is divided by n?
23
Suppose 2*j + 98 = 4*j - 2*m, 25 = -5*m. Calculate the remainder when j is divided by 12.
8
Let p = 65 + -41. Calculate the remainder when 93 is divided by p.
21
Let p = -54 + 69. Calculate the remainder when 26 is divided by p.
11
Calculate the remainder when (44/(-8))/11*-216 is divided by 28.
24
Let o = 64 - 29. Let c(x) = -5*x - 3. What is the remainder when o is divided by c(-3)?
11
Suppose -4*m = -335 - 217. Calculate the remainder when m is divided by 35.
33
Suppose 2*c = 3*w + 8, -2*w + w + 44 = 4*c. What is the remainder when 76 is divided by c?
6
Let q = -66 - -93. Let k = 6 - 6. Suppose 2*y - 6*y - 4*f + 68 = k, -3*f = -9. What is the remainder when q is divided by y?
13
Let j(t) = t**3 - 7*t**2 + 6*t + 8. Suppose 0 = 2*a - 4*m - 12, 0*a - 3*a = 2*m - 18. Calculate the remainder when 23 is divided by j(a).
7
Suppose -2*o = 5 - 17. Let u(s) = -s + 17. What is the remainder when 20 is divided by u(o)?
9
Let p(l) = l**3 + 9*l**2 - 13*l - 1. Let n be (-4)/((-3)/(-30)*4). Calculate the remainder when p(n) is divided by 10.
9
Suppose 3*t - 370 = -2*t. Calculate the remainder when t is divided by 19.
17
Let x = 21 + -63. Let y = -12 - x. Suppose 5*a - 2*k - 76 = 0, 2*k + 2 = 3*k. Calculate the remainder when y is divided by a.
14
Let k(f) = f**3 + 12*f**2 - 2*f - 17. Calculate the remainder when (-1 + 2)/((-2)/(-24)) is divided by k(-12).
5
Let v(h) = 31*h**3 + h**2 - h. Let r(l) = -l**3 - 10*l**2 + 12*l + 12. Let z be r(-11). What is the remainder when v(z) is divided by 11?
9
Suppose 7*n - 12 = 3*n. What is the remainder when (130/(-14))/(-1) - 52/182 is divided by n?
0
Suppose -4*i = -r - 0*r + 26, 0 = 5*r + 5*i - 180. Suppose 0 = 2*u + n - r, 4*u + u - n - 92 = 0. What is the remainder when 53 is divided by u?
17
Let g = -5 + 10. Let z(p) = p**2 + p - 1. Let v be z(g). Let c = -21 + v. Calculate the remainder when c is divided by 5.
3
Suppose 4*m = -m + 50. Suppose 3*o - 2 - m = 0. Calculate the remainder when o is divided by 3.
1
Let b be (-6)/21 - (-513)/7. Suppose 4*u + 1 - b = 0. Calculate the remainder when 53 is divided by u.
17
Suppose 0 = -27*a + 25*a + 66. Calculate the remainder when a is divided by 8.
1
Suppose -74*s - 72 = -83*s. Let v(t) = -8*t - 1. What is the remainder when v(-3) is divided by s?
7
Suppose -3 = -6*c + 63. Calculate the remainder when c is divided by 8.
3
Let k be 4/22 - 780/(-66). Suppose 8 = l - 2*d, 2*l - l = 5*d - 7. What is the remainder when (-2478)/(-36) + 2/k is divided by l?
15
Let l = 19 + 51. Suppose 7 = -x + 25. What is the remainder when l is divided by x?
16
Suppose -3*q + 0*q = 0. Suppose q = 4*l - 22 + 2. Let y(i) = 2*i - 3. Calculate the remainder when l is divided by y(3).
2
Let o = 14 + 1. Suppose 172 = -7*z + 11*z. Calculate the remainder when z is divided by o.
13
Suppose 2*v = -v - 3*t + 48, -2*v - 4*t + 40 = 0. Calculate the remainder when 131 is divided by v.
11
Let a = -43 - -60. Suppose 2*d + a = 57. Calculate the remainder when 57 is divided by d.
17
Suppose 0 = 3*n - 27. Let w(v) = -v + 21. What is the remainder when w(5) is divided by n?
7
Suppose -12 = -4*j, -2*j + 12 = d + 2*d. What is the remainder when 7 is divided by d?
1
Suppose 5*o - 57 = 138. Calculate the remainder when o is divided by 11.
6
Suppose 12 + 28 = 2*u. What is the remainder when 58 is divided by u?
18
Suppose d - 4 = -0*d. Suppose -4*j = -0*j + d, 3*t + 2*j - 22 = 0. What is the remainder when 22 is divided by t?
6
Suppose -y = -2*y + 28. What is the remainder when y is divided by 11?
6
Let u(m) = -m**3 - 3*m**2 - m + 2. Let d be u(-2). Suppose 4*x + 0 - 20 = d. Suppose -t + 5 - 3 = 0. Calculate the remainder when x is divided by t.
1
Calculate the remainder when -2 - -11*(4 - 1) is divided by 8.
7
Suppose 0 = 4*f - 6*f - 1196. Calculate the remainder when 2/7 + f/(-14) is divided by 11.
10
Let j = 86 + -35. Suppose -j = -3*l - 0*l. What is the remainder when 32 is divided by l?
15
Let u(k) = k**3 + 5*k**2 - 2*k - 8. What is the remainder when 21 is divided by u(-5)?
1
Suppose -2 = -5*q + 3. Calculate the remainder when (-6)/4 - (-276)/8 is divided by (q - (-28)/(-12))*-9.
9
Calculate the remainder when (-15 + (-1)/1)*-6 is divided by 49.
47
Let j(r) = -r**3 + r**2 + 7*r + 6. Let f(n) = n. Let w be f(-4). Let g be j(w). Calculate the remainder when 5 is divided by g/18 + 4/(-18).
2
Suppose -177 = -x + 59. What is the remainder when x is divided by 60?
56
Let r(u) = -u**3 - 6*u**2 - 5*u + 2. Let n